te number?
True
Is 19178424803 prime?
True
Is 139894333 a composite number?
False
Is 168358017669 a composite number?
True
Is 17347419073 a composite number?
False
Is 3402366787 prime?
False
Is 224921518153 composite?
False
Is 4827976807 a prime number?
False
Is 46810539599 a composite number?
False
Is 747327337 a composite number?
True
Is 30641137 a prime number?
True
Is 20713575119 a composite number?
True
Is 183911557 composite?
True
Is 742061807 a prime number?
True
Is 72563051047 prime?
True
Is 716970809 a prime number?
True
Is 8811277522 composite?
True
Is 5539931051 composite?
False
Is 20002794415 prime?
False
Is 3531421786 composite?
True
Is 1248101957 composite?
True
Is 134412203 a prime number?
False
Is 16385373773 a prime number?
True
Is 3633773383 a composite number?
True
Is 135100208359 a prime number?
True
Is 16910815367 prime?
False
Is 178733610439 a composite number?
True
Is 1314544649 a composite number?
True
Is 433460639 a prime number?
True
Is 68696857 composite?
False
Is 28733957 a prime number?
False
Is 240684494747 composite?
True
Is 27064194295 a composite number?
True
Is 122123797877 composite?
True
Is 668396653 a prime number?
True
Is 12791089189 a prime number?
False
Is 2013370133 prime?
False
Is 21137154011 composite?
False
Is 13137278087 a prime number?
True
Is 34907997473 prime?
True
Is 381884369 prime?
True
Is 1751086517 prime?
True
Is 661847491 a prime number?
True
Is 62152416923 prime?
False
Is 56852288245 a prime number?
False
Is 3705224374 composite?
True
Is 11186216423 a composite number?
True
Is 197484697 a composite number?
False
Is 15113785259 a composite number?
False
Is 587083769 composite?
False
Is 20642315269 composite?
False
Is 5661861919 a composite number?
True
Is 12471845621 a composite number?
False
Is 3535222949 composite?
True
Is 151608251 a prime number?
False
Is 19960595627 prime?
False
Is 3897991 a composite number?
True
Is 678875759 prime?
False
Is 2897303249 a composite number?
False
Is 33425859539 a composite number?
False
Is 36372698029 a composite number?
True
Is 19124241881 prime?
True
Is 32145078947 a composite number?
True
Is 48137981 a prime number?
True
Is 2538224627 a prime number?
False
Is 1211720617 a prime number?
False
Is 40108757411 a composite number?
False
Is 5644355887 a composite number?
False
Is 192900553 a prime number?
True
Is 732024637 prime?
True
Is 35391384563 a prime number?
True
Is 60791297111 a composite number?
True
Is 462553885 composite?
True
Is 7427696623 composite?
True
Is 485895419 prime?
True
Is 50156540789 a prime number?
True
Is 65531663 composite?
True
Is 20963078113 prime?
False
Is 6719083071 composite?
True
Is 324168023 composite?
True
Is 102344831 prime?
True
Is 535421317 composite?
True
Is 9467705971 prime?
False
Is 742093139 composite?
True
Is 1144064197 a composite number?
True
Is 176840780057 a composite number?
True
Is 8006411857 a composite number?
False
Is 5145751847 a prime number?
False
Is 2343525279 a prime number?
False
Is 20923663489 a prime number?
True
Is 26625914281 a prime number?
False
Is 25036030571 a prime number?
False
Is 6395198861 prime?
False
Is 174107077811 composite?
False
Is 4044338293 prime?
True
Is 115814701 a composite number?
False
Is 564676951 a composite number?
True
Is 244899637 composite?
True
Is 129768763 composite?
False
Is 42715894967 a prime number?
True
Is 986099537 composite?
False
Is 31055110631 prime?
True
Is 7313307709 a prime number?
False
Is 16500458789 a prime number?
True
Is 2446480307 composite?
True
Is 26808294599 composite?
True
Is 1943224977 prime?
False
Is 71993792767 composite?
True
Is 169437470614 prime?
False
Is 2554572809 a composite number?
True
Is 1576879133 a composite number?
False
Is 2649742231 composite?
False
Is 3771997981 prime?
False
Is 2459623633 prime?
False
Is 16934915629 a composite number?
False
Is 7172472613 a prime number?
True
Is 1399925581 prime?
True
Is 7411950451 composite?
True
Is 190556097 a prime number?
False
Is 23442069551 prime?
True
Is 164430527 composite?
False
Is 2643150811 a composite number?
True
Is 21728190929 a prime number?
True
Is 838496509 composite?
False
Is 6467533759 a composite number?
True
Is 447390469 prime?
True
Is 52831628869 a composite number?
False
Is 22913905669 a prime number?
True
Is 8180674759 a prime number?
True
Is 327158785427 a composite number?
False
Is 316233527 composite?
True
Is 273118667 a prime number?
True
Is 69526404139 composite?
True
Is 6445922641 a composite number?
False
Is 7245618239 a composite number?
False
Is 38641917089 prime?
False
Is 362134313 composite?
False
Is 1415224957 a composite number?
False
Is 2003727361 composite?
False
Is 4136450099 prime?
False
Is 21475223417 prime?
False
Is 248569259 a composite number?
True
Is 125257064813 prime?
True
Is 99928379 composite?
True
Is 29862768101 a prime number?
True
Is 17520188663 composite?
False
Is 143190361 a composite number?
True
Is 260270609 prime?
False
Is 114318121043 a composite number?
True
Is 2689185371 a composite number?
False
Is 2358937579 a composite number?
False
Is 1264752443 a composite number?
False
Is 134558797931 composite?
False
Is 1047177454 prime?
False
Is 17272558061 composite?
True
Is 255024839 composite?
False
Is 10524723059 prime?
False
Is 1351972021 prime?
True
Is 137163581 composite?
True
Is 1291482053 prime?
True
Is 262171901 prime?
True
Is 7777398973 prime?
False
Is 18453743461 prime?
False
Is 690961417 a composite number?
False
Is 29898871279 a prime number?
True
Is 120117649933 prime?
True
Is 12793485119 composite?
False
Is 551252063 composite?
True
Is 4874100323 a composite number?
True
Is 225605199 composite?
True
Is 32992817617 a composite number?
False
Is 7474072303 a prime number?
False
Is 11942578327 composite?
True
Is 29438966317 prime?
False
Is 85870765583 a composite number?
True
Is 5201211271 prime?
False
Is 75390360953 a prime number?
True
Is 595908427 a composite number?
True
Is 27992065557 composite?
True
Is 17709880039 a prime number?
True
Is 848553353 prime?
False
Is 23214523807 prime?
True
Is 17282976551 a prime number?
False
Is 8405099639 a composite number?
True
Is 292514617 a prime number?
False
Is 173256101 a composite number?
False
Is 412278985786 a composite number?
True
Is 18278723267 prime?
False
Is 3093589843 prime?
True
Is 78376361333 composite?
False
Is 3875369133 a prime number?
False
Is 20993627527 a composite number?
False
Is 2748321119 a composite number?
True
Is 783663511 composite?
False
Is 5547094145 a composite number?
True
Is 225364201 composite?
True
Is 9338696021 prime?
True
Is 2927709089 prime?
False
Is 7821270169 a prime number?
True
Is 75401671781 prime?
True
Is 90867349 a prime number?
False
Is 167207162227 composite?
True
Is 391329493 composite?
True
Is 25959644257 a prime number?
True
Is 119063177 a prime number?
False
Is 20706175697 a prime number?
False
Is 621220217 composite?
False
Is 1822977517 a prime number?
True
Is 1132648241 composite?
False
Is 189956087 a prime number?
True
Is 84772791347 prime?
True
Is 6169431839 composite?
True
Is 1349521799 prime?
False
Is 216240209 prime?
True
Is 188612476414 composite?
True
Is 126173595463 a composite number?
True
Is 569480993 prime?
True
Is 192025637 composite?
False
Is 181582968253 prime?
True
Is 242689313153 composite?
True
Is 20187605089 a composite number?
True
Is 4428692287 prime?
False
Is 7719574319 a composite number?
True
Is 257200877519 composite?
False
Is 115516440553 composite?
True
Is 37142711387 prime?
True
Is 3540556641 composite?
True
Is 1161231997 a prime number?
False
Is 5530585439 a prime number?
True
Is 2576516482 prime?
False
Is 105135853 prime?
False
Is 530557241 composite?
False
Is 115335911283 a prime number?
False
Is 256272871 a composite number?
True
Is 7858438369 prime?
True
Is 80942617 a prime number?
False
Is 225771830329 a composite number?
True
Is 1488030461 a composite number?
True
Is 58245774771 composite?
True
Is 1048976737 prime?
True
Is 872561447 a composite number?
False
Is 78257813771 composite?
False
Is 145698493 a composite number?
False
Is 2554045007 a composite number?
False
Is 41685307 a composite number?
True
Is 3257456815 a prime number?
False
Is 349955895089 composite?
False
Is 9867345977 a composite numb